 2 - -1 - (-1 - (-9 + 17)) - 7.
5
Calculate (-3 - (-5 - 6)) + -25 + -9.
-26
14 - 18 - (-4 - -27)
-27
What is 21 - 41 - (-20 - -10)?
-10
Calculate -12 + 8 + -2 + -11.
-17
Evaluate -37 + (-22 + 11 - -28).
-20
Calculate 12 + (-3 - 1 - (-16 + 51)).
-27
What is the value of 3 - (2 - -1) - (17 - -5 - 30)?
8
3 + -3 - (-8 - -22)
-14
What is 2 + 5 - (-36 + 67 - -10)?
-34
Calculate (10 + -15 - -3) + 8.
6
Evaluate -35 - (13 + -25 - 12).
-11
What is 46 - 51 - (24 + -20 + 0 + -2)?
-7
Calculate -7 + 6 + (1 - 13) - -25.
12
Evaluate (-29 - 17) + 40 + (-10 - (0 - 1)).
-15
What is the value of (-1 - -6) + 23 + -15 - -13?
26
What is 2 + -4 + (-7 - (-5 + -8) - 8)?
-4
8 + -3 + (-19 - -7) + 7
0
What is the value of -15 + 13 + -5 + -15 + 6?
-16
Evaluate 18 - ((1 - -3) + -11 - (-46 - -42)).
21
Calculate -9 + (4 - (-11 - (-8 - 10))).
-12
3 - (5 - (10 + -15))
-7
Evaluate (3 - (-31 - -56)) + 4.
-18
Evaluate 3 - -2 - (-6 - (-4 - 9 - -17)).
15
Calculate (-144 - -154) + (-15 - -1 - 2).
-6
Evaluate (4 - 5) + 4 + -3 + -9.
-9
What is -1 + -1 + -11 + (11 - (-5 - 0))?
3
-1 - (-10 - (0 + -10)) - 15
-16
Evaluate 19 + (-6 - (6 + -13 + 0)) + -5.
15
Evaluate 8 - (49 + -31) - 4.
-14
Calculate (24 - 6) + -18 - 16.
-16
What is 3 + (-2 - (2 - 5))?
4
What is the value of (-2 - -37) + 62 + (4 - 80)?
21
Calculate 6 + -7 + 5 - -5.
9
What is -51 - -21 - -16 - (2 + -15)?
-1
Evaluate -1 - ((-2 - -12) + -7 + 1) - 4.
-9
3 - -5 - 8 - 2
-2
What is 8 + 11 + -9 + 2 + -13?
-1
What is the value of (-17 - (-38 + 29)) + (2 - 8 - -2)?
-12
What is -4 - (-1 - -4 - 6 - (8 - 9))?
-2
What is -6 - (2 + 3 - 0)?
-11
(2 - 9 - (-24 + 26)) + 5
-4
(53 - 60) + (16 - -2)
11
-6 + (12 - 5) + -11 + (7 - 4)
-7
Calculate -9 - (10 - 3 - 11) - (1 + 3).
-9
What is -7214 + 7211 + (2 + -1 - 1) + -8?
-11
Calculate (-18 - -11) + (45 - 2) + 0.
36
Calculate 0 + 28 - (-377 - -375 - (1 - 14)).
17
Evaluate 4 + (-2 - -11) + (-14 + 3 - -14).
16
Calculate -4 + (-20 - (8 - 15)).
-17
Evaluate (25 - (16 + -16 - 9)) + -18.
16
Calculate 3 + 4 + (-32 + 2 - (-74 - -83)).
-32
Calculate 9 + (19 - 37) + (-8 - 4).
-21
18 - 9 - 26 - -5
-12
What is 4 - (27 + -12) - (0 + (-2 - 0))?
-9
Calculate -280 + 294 - (3 - 3).
14
(1 + -4 - 10) + 19
6
What is 2 + -7 + -13 - -4?
-14
Evaluate 27 - (-14 - (-1 + -1 + -24)).
15
What is -3 - -1 - (-7 + 16 + -6)?
-5
What is the value of 4 + 5 + 5 - 10?
4
What is -6 + (-1 - 2) - 12?
-21
Evaluate (15 - (8 - -7)) + 2 + -11.
-9
What is -19 + 11 + 22 - 26?
-12
What is 2 - (7 - 3) - 6?
-8
-6 + 6 + -4 + 6 - 5 - -3
0
Evaluate 15 - (-15 + 16 + 6 + -1).
9
What is the value of -6 - (12 - 29) - -7?
18
Calculate -7 + 8 + (-5 - (-17 - -17)).
-4
Evaluate -1 - (14 - 2) - -16.
3
Calculate (-4 - -14) + -9 + -3.
-2
What is (-4 - -2) + -1 - (-13 + 11 - 0)?
-1
What is the value of -2 + (-5 - -6 - (0 + 1 + 0))?
-2
What is (3 - (-4 - (-5 - 0))) + (-12 - -5)?
-5
-16 + (-12 - -2) + 16
-10
What is the value of -19 + 11 + 1 + 4 - 8?
-11
Calculate -2 - ((16 - (4 - 2)) + -5).
-11
Evaluate -40 + (-58 - -98) + (0 + -16 - 1).
-17
What is (-15 - -1) + (-115 + 75 - -43)?
-11
Calculate -5 - 6 - (-6 - 3).
-2
Evaluate -14 + (25 - 13) + (1 - 10).
-11
What is (26 - 0) + -36 + (-2 - 0)?
-12
What is the value of 13 + 1 + -4 + -2 - 29?
-21
What is -11 + (2 - 2) + 125 + -84 + -2?
28
Calculate -7 + 22 - (4 + 23).
-12
What is 3 - 21 - (-124 + 90)?
16
What is 1428 + -1428 - (0 - -4)?
-4
What is the value of 0 + -47 - (348 - 359)?
-36
Calculate -3 - -8 - (-2 + (30 - 46)).
23
What is -56 + 54 + (-32 - (-6 + 4))?
-32
What is -11 + (1 - (-3 - 1)) - (-27 + 5)?
16
What is -15 + 4 + 0 + -2?
-13
(-44 - (-6 + -10)) + (-8 - 0)
-36
Calculate (3 - ((-11 - -2) + (2 - -6))) + 2.
6
What is 3 + (4 + -18 - -6)?
-5
What is the value of -13 + (-38 - -22) - -23?
-6
-22 - (17 - (14 + 14 - -1))
-10
What is 40 - (24 + 3) - (3 - 1)?
11
What is the value of ((-3 - -10) + -15 - 3) + -1?
-12
Calculate (-6 - -11) + 2 - 10 - (3 + -1).
-5
Calculate -29 + (-2 - (-3 + 3) - (66 - 73)).
-24
Evaluate -52 - (104 + -142) - (21 - 1).
-34
What is -9 - (-26 - (19 + -31) - -7)?
-2
Evaluate (8 - -2) + 4 + 1 + -4.
11
Evaluate 12 - (28 - 13) - (0 - (2 - 0)).
-1
Calculate -6 + 31 + 3 + -16.
12
What is the value of (1 - -33) + ((4 - -26) + -20 - 15)?
29
Evaluate (-5 + (11 - 3) - -8) + -10 + 6.
7
10 + 6 + 2 + -15 + 19
22
Evaluate 13 - 1 - (5 + (-12 - -6)).
13
What is -3 - (6 + (-30 - -50))?
-29
-511 - -538 - (15 - -2)
10
Evaluate (-43 - -40) + (-15 - -21).
3
Evaluate 19 - (-3 + -11 + 23).
10
What is the value of 6 + -10 + (2 + 3 - 14)?
-13
What is -2 + 9 - (28 - (4 + -4 + 13))?
-8
What is the value of (38 - 52) + -1 - (-4 + -2)?
-9
Evaluate 7 - (9 + -4 - -5 - 3).
0
Calculate -19 - -23 - -24 - ((-3 - -14) + -2).
19
What is (-473 - -427) + (30 - 2)?
-18
What is (4 + -2 - 1) + (35 - (26 - 5))?
15
Calculate 11 - (16 + -69 - -40).
24
29 - (10 - (-10 - -11) - 10)
30
Evaluate -3 - (9 - 1) - (7 + -4 + -7).
-7
-2 - (2 + -11 + (5 - -12) + -8)
-2
81 + -90 + (12 - (4 - 5))
4
What is the value of 2 - (-5 + 2 + (2 + -1 - -10))?
-6
Evaluate (27 - 40) + -1 + -1 - -4.
-11
Evaluate 1 + -2 + 28 + -3 + (-12 - -1).
13
Evaluate 5 + (-25 - -15 - (-3 - 15)).
13
-10 - ((-8 - -4) + -6) - -14
14
What is the value of (3 - (-3 - -23)) + -1?
-18
Evaluate 3 - (7 - -3 - 9).
2
Calculate (2 + -17 - 3) + -3 + 11.
-10
What is the value of 0 - ((-5 - -12) + 10 - 9)?
-8
What is the value of -6 + 6 - (-1 - 1 - -19)?
-17
Calculate (-10 - -10) + -8 - -10.
2
What is (-20 - -17) + -9 - 3?
-15
-11 + 16 - ((2 - -5) + -13)
11
20 + -5 - ((-5 - -15) + -4)
9
Evaluate 52 + -46 + (-2 + 1 - 3).
2
What is the value of 13 + -13 + (-3 - (-1 - 14))?
12
What is the value of 13 - (4 + -13 + 8) - 4?
10
(12 - (2 + 7)) + (10 - (0 + 2))
11
What is (4 - -6) + (-2 - -2) + 5?
15
What is the value of 11 + -8 - (13 + 2 + -8)?
-4
-12 + 7 + 7 + (14 - 8)
8
Evaluate 15 - 57 - (-1 + -37).
-4
9 - (0 - -2) - (-51 - -58)
0
-15 + 26 - (-15 - -51 - 1)
-24
What is -7 + 0 - (6 - 5 - 20)?
12
What is -18 + -4 + 50 - 16?
12
Evaluate 13 + -1 + -10 + -10.
-8
What is ((-24 - -13) + 14 - 10) + 6?
-1
What is the value of (23 - (4 + 2)) + -10?
7
9 + -5 + (2 - 1) - -5
10
((4 - 15) + -4 - (-24 - -17)) + 5
-3
9 - (-9 - (4 + -35))
-13
(0 - 0) + 0 - (8 + -4) - 18
-22
What is 13 + -23 + (16 - 25 - -18)?
-1
What is 10 + (2 - 0 - 3) + (-269 - -273)?
13
Evaluate -12 + 16 + 0 - 11.
-7
9 + (-6 + 6 - 7) - -8
10
-9 + 13 - (-20 + 15)
9
Calculate 1 - -9 - (-6 - (-12 - 14 - 13)).
-23
What is (14 - 22 - -30) + 0?
22
Calculate (-7 - -5 - -9 - (13 + 8)) + -1.
-15
What is 11 + 13 + -7 + -7 - 5?
5
Evaluate -15 + 26 + -18 - 13 - -16.
-4
What is the value of 3 - 7 - (-12 - ((-2 - 5) + 5))?
6
Evaluate 11 + -1 - 25 - -17.
2
2 - -7 - (4 - (7 - 4))
8
What is 7 + -11 + 9 - (8 - -7)?
-10
What is (2 - (-1 - -1)) + (5 - (13 + -7))?
1
0 + (-17 + 8 - -6) - 16
-19
Calculate -3 + -12 + 5 - (-21 - -4).
7
Calculate 10 + -12 + 13 + 1 + (-178 - -168).
2
Evaluate -1 + (-3 - -1) - (-24 - (-65 - -22)).
-22
(-183 - -188) + (-23 - -5) + 1
-12
What is the value of 2 - ((2 - 5) + -16)?
21
(7 - 4) + 2 - (110 + -75)
-30
What is (-1 + 1 - (-8 - -15)) + 0 + 12?
5
What is -1 + 12 + (-55 + 34 - -23)?
13
Calculate -2 - 6 - (2 - (4 - 5 - 2)).
-13
What is -24 - (-17 - (2 - 1))?
-6
Evaluate -25 + 6 + 13 + -7.
-13
What is the value of 1 - 3 - (16 - 22)?
4
Calculate 0 + -1 + (9 - (-2 + 1 - -8)).
1
Calculate (2 - 12) + (31 + -54 - (2 + -13)).
-22
Calculate -26 - -21 - (2 - (-4 + -2)).
-13
-7 - -12 - -12 - 1 - 5
11
What is the value of (-6 - -1) + (10 - (40 + -27))?
-8
(0 - 5 - 1 - -9) + 3
6
What is (-10 - 15) + (20 - 1)?
-6
What is the value of (10 - ((8 - 11) + 7)) + 2 + -37?
-29
Evaluate (11 - (17 - (2 + 9))) + (2 - 1).
6
What is 12 + -13 - -2 - (-4 + (0 - -3))?
2
What is the value of -9 + (18 - 7) + 5 - (7 - 1)?
1
-12 + (10 - -16) + -9
5
What is (-1 + 2 - -9) + -25 + 17?
2
What is the value of -1 + -2 + -1 - (-9 - 0)?
5
What is -15 - -31 - 15 - -23?
24
Evaluate 13 - (-1 + 7) - (-4 - (-3 - -4)).
12
Calculate (-9 - 16) + 11 - -4.
-10
What is the value of (15 + -29 - -31) + -8?
9
Calculate -1 + 4 + (-15 - -6) + 38.
32
Evaluate -9 - (-4 - ((16 + -5 - 6) + -7)).
-7
What is the value of -56 - (-44 + 29) - -19?
-22
What is -11 - (58 + -48 - (38 + 1))?
18
Calculate (-1 + -12 - -11) + (-8 - 4).
-14
Evaluate -6 + 14 + -10 + 10.
8
What is (-3 + 5 + (16 - 17)